k + 7*k - 2124. Calculate the highest common factor of t and 134.
134
Let u(q) = 4*q**2 + 570*q - 7340. Let l be u(12). Let s = 7 + -5. Calculate the greatest common divisor of s and l.
2
Let m = 238 + -119. Suppose 0 = -158*s + 23949 + 2911. What is the highest common divisor of s and m?
17
Suppose 4*m - 3*n + 0*n = -124, 0 = -4*m + 4*n - 120. Let r = 164 - m. Calculate the highest common factor of 18 and r.
18
Let g(y) = -305*y - 2308. Let t be g(-8). Calculate the greatest common factor of t and 561.
33
Suppose -323*r + 31756 = 61*r - 91892. What is the highest common factor of r and 1357?
23
Let m = 3955 - 3910. Calculate the greatest common divisor of m and 180.
45
Let x be -37 + 104 - (0*(-4)/(-12) + -1). What is the greatest common factor of x and 36?
4
Suppose 98*s = 58*s + 192440. What is the highest common divisor of 34 and s?
17
Let f = -654 + 1384. Suppose f = 4*l + 50. What is the greatest common divisor of l and 20?
10
Let y be (-2604)/36 - 2/3. Let i = 97 + y. What is the greatest common divisor of i and 36?
12
Suppose -4388*m + 1040 = -4372*m. What is the highest common divisor of m and 533?
13
Let p be (-4 - 30/(-9))*-3. Suppose -p*q + 2*b + 3*b = -67, -4*q = -3*b - 127. Let c = q + -17. Calculate the greatest common factor of c and 42.
14
Let o be ((-1332)/(-21))/(11 + (-1668)/112 + 4). Calculate the highest common divisor of o and 74.
74
Let f = -1534 + 1759. What is the greatest common factor of 800 and f?
25
Suppose -6*s - 192 = -12*s. Suppose -13*b + 175 = s. Calculate the greatest common divisor of 1 and b.
1
Let i be (-390)/(-2) + (-1 - -4). Let p(r) = -45*r**2 - 247*r + 22. Let d be p(-5). What is the greatest common divisor of i and d?
66
Let r(j) = -j**3 + 2*j**2 + 4*j + 4. Suppose w - 40 + 42 = 0. Let v be r(w). Suppose 5*m = v*m - 3192. What is the highest common divisor of 57 and m?
57
Let l(p) = 14*p**2 - 215*p + 844. Let h be l(4). Let n(g) = -g**3 + 11*g**2 - 5*g + 6. Let y be n(6). Calculate the greatest common divisor of h and y.
52
Let s = -131 + 143. Suppose -4*n + 4*c + 12 = 0, 12 = 4*n - 3*c - 2*c. Suppose -4*o + n*o = -12. What is the highest common divisor of s and o?
12
Let o(t) = t**3 + 11*t**2 + 14*t - 27. Let g be o(-9). Suppose -g*n - 6*n = -1935. Calculate the greatest common factor of 172 and n.
43
Suppose -h - 14 + 34 = 0. Suppose -595 = -5*l + 345. Suppose 2*a - 232 = -4*q, q - 4*q = -2*a - l. What is the highest common divisor of h and q?
20
Suppose -w - 590 = 74*j - 76*j, 3*j - 872 = -5*w. Calculate the greatest common divisor of 378 and j.
42
Suppose 0 = 19*x - 28*x + 3042. Calculate the highest common divisor of x and 39.
13
Suppose -149074 = 55*t - 452364 - 171525. Calculate the greatest common divisor of t and 97.
97
Let q = -2855 - -5060. What is the greatest common divisor of 4704 and q?
147
Let w = 41 + -39. Suppose m + g = 9, -6*g + 4 = -4*m - w*g. Suppose 4*i - 11 = -i + 3*f, m*f = 12. What is the highest common divisor of 4 and i?
4
Let a be 1*4/((-4)/(-141)) - 1. Suppose x = -o - x + 33, -4*o - 4*x = -a. Let y = o - -23. What is the highest common divisor of 15 and y?
15
Let l = -71 - -125. Suppose -66*x + 20 + 112 = 0. What is the greatest common factor of l and x?
2
Let m = -5763 - -10444. Calculate the highest common factor of m and 31.
31
Suppose -p + 1 = 0, 37*p = -l + 40*p + 150. What is the highest common factor of 204 and l?
51
Suppose -3*q + 1765 = -4*i - 1039, -1877 = -2*q - 5*i. Calculate the greatest common divisor of 286 and q.
26
Let t be (-546)/234*(6/(-8) - (-84)/(-16)). What is the greatest common divisor of 679 and t?
7
Let z be (-11 - -8)/12 + (-1123)/4. Let i = -225 - z. Calculate the greatest common factor of 21 and i.
7
Let p be (-468)/52 - 6/1. Let o be 12/p*(-3300)/40. Calculate the highest common factor of o and 22.
22
Let q = -228 - -232. Suppose q*y - 390 = -2*m, m + 4*y = -2*m + 595. Calculate the highest common divisor of 123 and m.
41
Let y = -1631 - -1661. What is the greatest common factor of y and 230?
10
Suppose -926 = -3*q + 2*u, 2*q + 11*u - 614 = 13*u. Calculate the highest common factor of 1144 and q.
104
Suppose -3*t + t = -10. Let a = 2159 - 2079. Calculate the greatest common factor of t and a.
5
Let g be (54/45)/((-8)/110)*3840/(-180). What is the greatest common divisor of 1012 and g?
44
Let z be (-16)/12*90/(-4). Let q be 1000*(38/24 + 639/(-54) + 11). Calculate the greatest common divisor of z and q.
30
Let c = 328 + 3. Let s = -187 + c. Let k = 28 + -10. What is the greatest common divisor of k and s?
18
Let j(f) = -f**2 + 12*f - 25. Let s be j(5). Let q be (144/s)/6*20. Let l be 4 - (-118 + 0 - -2). Calculate the highest common factor of q and l.
24
Suppose -60 = -q + y, -2*y + 23 = -q + 81. Let j = 122 - q. Let o be (12/6)/(2/j). Calculate the highest common factor of o and 15.
15
Suppose 0 = -118*b + 4517168 - 678746. What is the highest common divisor of 21 and b?
21
Let k(x) = 5*x + 8794. Let m be k(-68). What is the greatest common factor of 6 and m?
6
Let n(i) = -144*i + 294. Let z be n(-2). Calculate the highest common divisor of 24 and z.
6
Let f = -3002 + 3022. Calculate the highest common factor of 15140 and f.
20
Suppose 0 = 5*j - 114 - 206. Let c be (330/(-99))/(2/(-3)) + -1. Let n be 6/c*(0 + (-1120)/(-21)). Calculate the greatest common factor of n and j.
16
Suppose 0*z - 23*z = -8418. Let b = 793 - z. Calculate the highest common divisor of 61 and b.
61
Let i(w) = -2*w**3 - 12*w**2 - 45*w - 348. Let z be i(-11). What is the highest common divisor of z and 413?
59
Let m(s) be the second derivative of s**3 - 24*s**2 + 52*s. Let l be m(15). What is the highest common divisor of l and 336?
42
Let d be ((-14)/7 + 7)*(310/25 - 2). Calculate the highest common divisor of 1911 and d.
13
Let c = 62 + -27. Let p be 45/5 + -1 + -3 + 2. Calculate the highest common divisor of p and c.
7
Let w = 4685 - 4230. Calculate the greatest common divisor of w and 70.
35
Let j be 6/(-8) - 27/(2808/(-546182)). Calculate the greatest common divisor of j and 59.
59
Suppose -4*f - 4*x = -1544, 4*f - 17*x + 14*x - 1586 = 0. Calculate the highest common factor of f and 4536.
56
Suppose -76*b + 24858 = 19*b + 3483. What is the greatest common factor of b and 1200?
75
Let v(j) = -125*j - 3960. Let r be v(-32). Suppose -2*p + 21 = -11. Calculate the greatest common factor of r and p.
8
Suppose 0 = 2*r - 62 + 2. Let n = 44 - r. Suppose 5*z + 4*f - 90 = 0, 0*f + 5*f = z + 11. Calculate the greatest common factor of n and z.
14
Let u(v) = v**2 + 52*v + 211. Let c be u(-49). Suppose -2*i = 5*j - 19, 2*i = -0*i + 3*j - 5. Calculate the highest common divisor of c and i.
2
Let q(z) = -2*z**3 - 57*z**2 - 41*z - 93. Let n be q(-28). Let o = n - 135. Calculate the highest common divisor of o and 8.
8
Let p(i) = i**3 + 14*i**2 + 269*i + 2882. Let k be p(-11). What is the greatest common factor of 37466 and k?
286
Let t be ((-24)/(-5))/((-2080)/56100 - 6/(-99)). Calculate the greatest common divisor of t and 132.
12
Let l be 86/4 - ((-9)/(-6) - 0). Calculate the highest common divisor of l and 2770.
10
Let f be (-1)/((-15)/22 + (-34)/(-187)). Suppose 3*j - 59 = -f*b + 12, 4*j - 4*b - 128 = 0. Calculate the highest common divisor of 216 and j.
27
Suppose 0 = -26*f + 9912 + 16738. Calculate the greatest common divisor of 574 and f.
41
Let j be 2/(-7*6/(-147)). Let f(z) = z**3 - 7*z**2 + 11*z - 14. Let o be f(j). What is the highest common factor of o and 126?
63
Let z = 298 + 211. Let h = z + -383. Let g be 14*(4 + -2 - 1). What is the greatest common divisor of h and g?
14
Suppose 0 = 4*j + 12, 2*f - 47*j = -45*j + 4392. Calculate the highest common divisor of f and 645.
129
Suppose -4*n - 1468 = -5*x, -32 = 2406*n - 2410*n. Calculate the highest common factor of x and 19200.
300
Let g(h) = 4*h**2 + 3*h - 3. Let n be (-5)/20*0 + -3. Let y be g(n). Let z = y + -9. Calculate the greatest common factor of z and 60.
15
Let y be (0 + 51)*((-15426)/(-90))/((-15)/(-25)). What is the greatest common divisor of y and 34?
17
Let q(i) = -3*i**3 - 5*i**2 + 15*i - 7. Let u be q(-8). Let p be u/54 + (-3)/18. Calculate the greatest common factor of 36 and p.
4
Let g = -9206 - -9223. What is the highest common factor of 6103 and g?
17
Let v = 3200 + -3084. What is the greate